{"id":42,"date":"2025-03-01T23:32:16","date_gmt":"2025-03-01T21:32:16","guid":{"rendered":"https:\/\/wpkoulutus2025.samk.fi\/~wp2408478\/?page_id=42"},"modified":"2025-03-19T08:32:55","modified_gmt":"2025-03-19T06:32:55","slug":"kinuskijuustokakku-ohje","status":"publish","type":"page","link":"https:\/\/wpkoulutus2025.samk.fi\/~wp2408478\/kinuskijuustokakku-ohje\/","title":{"rendered":"Kinuskijuustokakku ohje"},"content":{"rendered":"\n<p>Pohja: Murskaa 150g digestive keksej\u00e4, lis\u00e4\u00e4 joukkoon 50g sulatettua voita. Painele irtopohjavuokaan ja laita j\u00e4\u00e4kaappiin j\u00e4hmettym\u00e4\u00e4n.<\/p>\n\n\n\n<p>T\u00e4yte: Vaahdota 2dl kuohukermaa ja sekoita joukkoon 200g maustamatonta tuorejuustoa. Lis\u00e4\u00e4 noin 1dl kinuskikastiketta. Sulata 4 liivatelehte\u00e4 muutamaan ruokalusikalliseen vett\u00e4 ja sekoita t\u00e4ytteen joukkoon. Laita t\u00e4yte pohjan p\u00e4\u00e4lle ja siirr\u00e4 j\u00e4\u00e4kaappiin muutamaksi tunniksi. Voit halutessasi lis\u00e4t\u00e4 hieman vaniljasokeria.<\/p>\n\n\n\n<p>Kuorrute: Laita 2dl kinuskikastiketta kulhoon. Sulata 2 liiivatelehte\u00e4 muutamaan ruokalusikalliseen vett\u00e4 ja sekoita ne kinuskikastikkeen kanssa. Laita kakun p\u00e4\u00e4lle ja j\u00e4\u00e4hdyt\u00e4 y\u00f6n yli.<\/p>\n\n\n\n<p>NAUTI!<\/p>\n\n\n\n<figure class=\"wp-block-image aligncenter size-large is-resized\"><img loading=\"lazy\" decoding=\"async\" width=\"1500\" height=\"1500\" src=\"https:\/\/wpkoulutus2025.samk.fi\/~wp2408478\/wp-content\/uploads\/2025\/03\/kinuskijuustokakku-edited.jpg\" alt=\"\" class=\"wp-image-52\" style=\"width:438px;height:auto\" srcset=\"https:\/\/wpkoulutus2025.samk.fi\/~wp2408478\/wp-content\/uploads\/2025\/03\/kinuskijuustokakku-edited.jpg 1500w, https:\/\/wpkoulutus2025.samk.fi\/~wp2408478\/wp-content\/uploads\/2025\/03\/kinuskijuustokakku-edited-300x300.jpg 300w, https:\/\/wpkoulutus2025.samk.fi\/~wp2408478\/wp-content\/uploads\/2025\/03\/kinuskijuustokakku-edited-1024x1024.jpg 1024w, https:\/\/wpkoulutus2025.samk.fi\/~wp2408478\/wp-content\/uploads\/2025\/03\/kinuskijuustokakku-edited-150x150.jpg 150w, https:\/\/wpkoulutus2025.samk.fi\/~wp2408478\/wp-content\/uploads\/2025\/03\/kinuskijuustokakku-edited-768x768.jpg 768w\" sizes=\"auto, (max-width: 1500px) 100vw, 1500px\" \/><figcaption class=\"wp-element-caption\">Valmis kinuskijuustokakku<\/figcaption><\/figure>\n\n\n\n<p><\/p>\n","protected":false},"excerpt":{"rendered":"<p>Pohja: Murskaa 150g digestive keksej\u00e4, lis\u00e4\u00e4 joukkoon 50g sulatettua voita. Painele irtopohjavuokaan ja laita j\u00e4\u00e4kaappiin j\u00e4hmettym\u00e4\u00e4n. T\u00e4yte: Vaahdota 2dl kuohukermaa ja sekoita joukkoon 200g maustamatonta tuorejuustoa. Lis\u00e4\u00e4 noin 1dl kinuskikastiketta. Sulata 4 liivatelehte\u00e4 muutamaan ruokalusikalliseen vett\u00e4 ja sekoita t\u00e4ytteen joukkoon. Laita t\u00e4yte pohjan p\u00e4\u00e4lle ja siirr\u00e4 j\u00e4\u00e4kaappiin muutamaksi tunniksi. Voit halutessasi lis\u00e4t\u00e4 hieman vaniljasokeria. Kuorrute:&#8230;<\/p>\n","protected":false},"author":1,"featured_media":0,"parent":0,"menu_order":0,"comment_status":"closed","ping_status":"closed","template":"","meta":{"footnotes":""},"class_list":["post-42","page","type-page","status-publish","hentry"],"yoast_head":"<!-- This site is optimized with the Yoast SEO plugin v24.7 - https:\/\/yoast.com\/wordpress\/plugins\/seo\/ -->\n<title>Kinuskijuustokakku ohje - Makeita reseptej\u00e4<\/title>\n<meta name=\"description\" content=\"Leivonta reseptej\u00e4. Kinuskijuustokakun ohje.\" \/>\n<meta name=\"robots\" content=\"index, follow, max-snippet:-1, max-image-preview:large, max-video-preview:-1\" \/>\n<link rel=\"canonical\" href=\"https:\/\/wpkoulutus2025.samk.fi\/~wp2408478\/kinuskijuustokakku-ohje\/\" \/>\n<meta property=\"og:locale\" content=\"fi_FI\" \/>\n<meta property=\"og:type\" content=\"article\" \/>\n<meta property=\"og:title\" content=\"Kinuskijuustokakku ohje - Makeita reseptej\u00e4\" \/>\n<meta property=\"og:description\" content=\"Leivonta reseptej\u00e4. Kinuskijuustokakun ohje.\" \/>\n<meta property=\"og:url\" content=\"https:\/\/wpkoulutus2025.samk.fi\/~wp2408478\/kinuskijuustokakku-ohje\/\" \/>\n<meta property=\"og:site_name\" content=\"Makeita reseptej\u00e4\" \/>\n<meta property=\"article:modified_time\" content=\"2025-03-19T06:32:55+00:00\" \/>\n<meta property=\"og:image\" content=\"https:\/\/wpkoulutus2025.samk.fi\/~wp2408478\/wp-content\/uploads\/2025\/03\/kinuskijuustokakku-edited.jpg\" \/>\n\t<meta property=\"og:image:width\" content=\"1500\" \/>\n\t<meta property=\"og:image:height\" content=\"1500\" \/>\n\t<meta property=\"og:image:type\" content=\"image\/jpeg\" \/>\n<meta name=\"twitter:card\" content=\"summary_large_image\" \/>\n<meta name=\"twitter:label1\" content=\"Arvioitu lukuaika\" \/>\n\t<meta name=\"twitter:data1\" content=\"1 minuutti\" \/>\n<script type=\"application\/ld+json\" class=\"yoast-schema-graph\">{\"@context\":\"https:\/\/schema.org\",\"@graph\":[{\"@type\":\"WebPage\",\"@id\":\"https:\/\/wpkoulutus2025.samk.fi\/~wp2408478\/kinuskijuustokakku-ohje\/\",\"url\":\"https:\/\/wpkoulutus2025.samk.fi\/~wp2408478\/kinuskijuustokakku-ohje\/\",\"name\":\"Kinuskijuustokakku ohje - Makeita reseptej\u00e4\",\"isPartOf\":{\"@id\":\"https:\/\/wpkoulutus2025.samk.fi\/~wp2408478\/#website\"},\"primaryImageOfPage\":{\"@id\":\"https:\/\/wpkoulutus2025.samk.fi\/~wp2408478\/kinuskijuustokakku-ohje\/#primaryimage\"},\"image\":{\"@id\":\"https:\/\/wpkoulutus2025.samk.fi\/~wp2408478\/kinuskijuustokakku-ohje\/#primaryimage\"},\"thumbnailUrl\":\"https:\/\/wpkoulutus2025.samk.fi\/~wp2408478\/wp-content\/uploads\/2025\/03\/kinuskijuustokakku-edited.jpg\",\"datePublished\":\"2025-03-01T21:32:16+00:00\",\"dateModified\":\"2025-03-19T06:32:55+00:00\",\"description\":\"Leivonta reseptej\u00e4. Kinuskijuustokakun ohje.\",\"breadcrumb\":{\"@id\":\"https:\/\/wpkoulutus2025.samk.fi\/~wp2408478\/kinuskijuustokakku-ohje\/#breadcrumb\"},\"inLanguage\":\"fi\",\"potentialAction\":[{\"@type\":\"ReadAction\",\"target\":[\"https:\/\/wpkoulutus2025.samk.fi\/~wp2408478\/kinuskijuustokakku-ohje\/\"]}]},{\"@type\":\"ImageObject\",\"inLanguage\":\"fi\",\"@id\":\"https:\/\/wpkoulutus2025.samk.fi\/~wp2408478\/kinuskijuustokakku-ohje\/#primaryimage\",\"url\":\"https:\/\/wpkoulutus2025.samk.fi\/~wp2408478\/wp-content\/uploads\/2025\/03\/kinuskijuustokakku-edited.jpg\",\"contentUrl\":\"https:\/\/wpkoulutus2025.samk.fi\/~wp2408478\/wp-content\/uploads\/2025\/03\/kinuskijuustokakku-edited.jpg\",\"width\":1500,\"height\":1500},{\"@type\":\"BreadcrumbList\",\"@id\":\"https:\/\/wpkoulutus2025.samk.fi\/~wp2408478\/kinuskijuustokakku-ohje\/#breadcrumb\",\"itemListElement\":[{\"@type\":\"ListItem\",\"position\":1,\"name\":\"Etusivu\",\"item\":\"https:\/\/wpkoulutus2025.samk.fi\/~wp2408478\/\"},{\"@type\":\"ListItem\",\"position\":2,\"name\":\"Kinuskijuustokakku ohje\"}]},{\"@type\":\"WebSite\",\"@id\":\"https:\/\/wpkoulutus2025.samk.fi\/~wp2408478\/#website\",\"url\":\"https:\/\/wpkoulutus2025.samk.fi\/~wp2408478\/\",\"name\":\"Makeita reseptej\u00e4\",\"description\":\"Helppoja leivonta reseptej\u00e4 kotiin leivottavaksi\",\"potentialAction\":[{\"@type\":\"SearchAction\",\"target\":{\"@type\":\"EntryPoint\",\"urlTemplate\":\"https:\/\/wpkoulutus2025.samk.fi\/~wp2408478\/?s={search_term_string}\"},\"query-input\":{\"@type\":\"PropertyValueSpecification\",\"valueRequired\":true,\"valueName\":\"search_term_string\"}}],\"inLanguage\":\"fi\"}]}<\/script>\n<!-- \/ Yoast SEO plugin. -->","yoast_head_json":{"title":"Kinuskijuustokakku ohje - Makeita reseptej\u00e4","description":"Leivonta reseptej\u00e4. Kinuskijuustokakun ohje.","robots":{"index":"index","follow":"follow","max-snippet":"max-snippet:-1","max-image-preview":"max-image-preview:large","max-video-preview":"max-video-preview:-1"},"canonical":"https:\/\/wpkoulutus2025.samk.fi\/~wp2408478\/kinuskijuustokakku-ohje\/","og_locale":"fi_FI","og_type":"article","og_title":"Kinuskijuustokakku ohje - Makeita reseptej\u00e4","og_description":"Leivonta reseptej\u00e4. Kinuskijuustokakun ohje.","og_url":"https:\/\/wpkoulutus2025.samk.fi\/~wp2408478\/kinuskijuustokakku-ohje\/","og_site_name":"Makeita reseptej\u00e4","article_modified_time":"2025-03-19T06:32:55+00:00","og_image":[{"width":1500,"height":1500,"url":"https:\/\/wpkoulutus2025.samk.fi\/~wp2408478\/wp-content\/uploads\/2025\/03\/kinuskijuustokakku-edited.jpg","type":"image\/jpeg"}],"twitter_card":"summary_large_image","twitter_misc":{"Arvioitu lukuaika":"1 minuutti"},"schema":{"@context":"https:\/\/schema.org","@graph":[{"@type":"WebPage","@id":"https:\/\/wpkoulutus2025.samk.fi\/~wp2408478\/kinuskijuustokakku-ohje\/","url":"https:\/\/wpkoulutus2025.samk.fi\/~wp2408478\/kinuskijuustokakku-ohje\/","name":"Kinuskijuustokakku ohje - Makeita reseptej\u00e4","isPartOf":{"@id":"https:\/\/wpkoulutus2025.samk.fi\/~wp2408478\/#website"},"primaryImageOfPage":{"@id":"https:\/\/wpkoulutus2025.samk.fi\/~wp2408478\/kinuskijuustokakku-ohje\/#primaryimage"},"image":{"@id":"https:\/\/wpkoulutus2025.samk.fi\/~wp2408478\/kinuskijuustokakku-ohje\/#primaryimage"},"thumbnailUrl":"https:\/\/wpkoulutus2025.samk.fi\/~wp2408478\/wp-content\/uploads\/2025\/03\/kinuskijuustokakku-edited.jpg","datePublished":"2025-03-01T21:32:16+00:00","dateModified":"2025-03-19T06:32:55+00:00","description":"Leivonta reseptej\u00e4. Kinuskijuustokakun ohje.","breadcrumb":{"@id":"https:\/\/wpkoulutus2025.samk.fi\/~wp2408478\/kinuskijuustokakku-ohje\/#breadcrumb"},"inLanguage":"fi","potentialAction":[{"@type":"ReadAction","target":["https:\/\/wpkoulutus2025.samk.fi\/~wp2408478\/kinuskijuustokakku-ohje\/"]}]},{"@type":"ImageObject","inLanguage":"fi","@id":"https:\/\/wpkoulutus2025.samk.fi\/~wp2408478\/kinuskijuustokakku-ohje\/#primaryimage","url":"https:\/\/wpkoulutus2025.samk.fi\/~wp2408478\/wp-content\/uploads\/2025\/03\/kinuskijuustokakku-edited.jpg","contentUrl":"https:\/\/wpkoulutus2025.samk.fi\/~wp2408478\/wp-content\/uploads\/2025\/03\/kinuskijuustokakku-edited.jpg","width":1500,"height":1500},{"@type":"BreadcrumbList","@id":"https:\/\/wpkoulutus2025.samk.fi\/~wp2408478\/kinuskijuustokakku-ohje\/#breadcrumb","itemListElement":[{"@type":"ListItem","position":1,"name":"Etusivu","item":"https:\/\/wpkoulutus2025.samk.fi\/~wp2408478\/"},{"@type":"ListItem","position":2,"name":"Kinuskijuustokakku ohje"}]},{"@type":"WebSite","@id":"https:\/\/wpkoulutus2025.samk.fi\/~wp2408478\/#website","url":"https:\/\/wpkoulutus2025.samk.fi\/~wp2408478\/","name":"Makeita reseptej\u00e4","description":"Helppoja leivonta reseptej\u00e4 kotiin leivottavaksi","potentialAction":[{"@type":"SearchAction","target":{"@type":"EntryPoint","urlTemplate":"https:\/\/wpkoulutus2025.samk.fi\/~wp2408478\/?s={search_term_string}"},"query-input":{"@type":"PropertyValueSpecification","valueRequired":true,"valueName":"search_term_string"}}],"inLanguage":"fi"}]}},"_links":{"self":[{"href":"https:\/\/wpkoulutus2025.samk.fi\/~wp2408478\/wp-json\/wp\/v2\/pages\/42","targetHints":{"allow":["GET"]}}],"collection":[{"href":"https:\/\/wpkoulutus2025.samk.fi\/~wp2408478\/wp-json\/wp\/v2\/pages"}],"about":[{"href":"https:\/\/wpkoulutus2025.samk.fi\/~wp2408478\/wp-json\/wp\/v2\/types\/page"}],"author":[{"embeddable":true,"href":"https:\/\/wpkoulutus2025.samk.fi\/~wp2408478\/wp-json\/wp\/v2\/users\/1"}],"replies":[{"embeddable":true,"href":"https:\/\/wpkoulutus2025.samk.fi\/~wp2408478\/wp-json\/wp\/v2\/comments?post=42"}],"version-history":[{"count":5,"href":"https:\/\/wpkoulutus2025.samk.fi\/~wp2408478\/wp-json\/wp\/v2\/pages\/42\/revisions"}],"predecessor-version":[{"id":62,"href":"https:\/\/wpkoulutus2025.samk.fi\/~wp2408478\/wp-json\/wp\/v2\/pages\/42\/revisions\/62"}],"wp:attachment":[{"href":"https:\/\/wpkoulutus2025.samk.fi\/~wp2408478\/wp-json\/wp\/v2\/media?parent=42"}],"curies":[{"name":"wp","href":"https:\/\/api.w.org\/{rel}","templated":true}]}}